
58714
In base 2, what is -100000101001011 - -10?
-100000101001001
In base 8, what is -653 - -1007?
134
In base 11, what is -166611 - 3?
-166614
In base 16, what is -379 + 365?
-14
In base 9, what is 1 + -56111?
-56110
In base 13, what is 29b - c8?
1a3
In base 3, what is 22111010 - -1?
22111011
In base 8, what is 1 - -6507?
6510
In base 14, what is 604a2 - -18?
604ba
In base 9, what is -51 - 2067?
-2128
In base 11, what is -373 - 6040?
-6403
In base 10, what is 219543 + -5?
219538
In base 4, what is -3 - 1121033332?
-1121100001
In base 12, what is -46554 + -1?
-46555
In base 4, what is -31 - 3122233?
-3122330
In base 16, what is b9e7 + 7?
b9ee
In base 13, what is 18199 + 20?
181b9
In base 11, what is 1289a84 - -3?
1289a87
In base 10, what is -129 + -430?
-559
In base 3, what is 0 + -1000022022?
-1000022022
In base 16, what is -1 - -731af?
731ae
In base 15, what is 0 + -615a?
-615a
In base 12, what is -3 + -212125?
-212128
In base 13, what is 21527b - -2?
215280
In base 13, what is -15 + -878?
-890
In base 14, what is 18a337 + 0?
18a337
In base 2, what is 1000110110 + -1110011101?
-101100111
In base 9, what is -3 + -844171?
-844174
In base 11, what is -a6125 + 1?
-a6124
In base 6, what is 20 + 122?
142
In base 10, what is 37 - -7420?
7457
In base 13, what is -9 - 1170?
-1179
In base 12, what is 17 + b31?
b48
In base 15, what is c9 - 17bc?
-16e3
In base 13, what is -c9b - 16?
-cb4
In base 2, what is 1000100010 + 1000100011?
10001000101
In base 13, what is -4a - -44c?
402
In base 3, what is -102110 - 1222021?
-2101201
In base 15, what is -83 + a07?
974
In base 2, what is -1100 - -1101101100101110101?
1101101100101101001
In base 8, what is 5 - -41547?
41554
In base 9, what is -55 + -34?
-100
In base 9, what is -64 - -6150?
6075
In base 14, what is 4 - -2b21a4?
2b21a8
In base 6, what is 51451120 - 5?
51451111
In base 12, what is 4a74 + -77?
49b9
In base 11, what is -8 + 10a081?
10a074
In base 3, what is -2211 + 211100120?
211020202
In base 9, what is -42264 - 5?
-42270
In base 4, what is 11 + -11203023213?
-11203023202
In base 11, what is 3714 + -236?
3489
In base 2, what is 1000011 - 11100001100?
-11011001001
In base 6, what is 1314 - 33?
1241
In base 13, what is -1 - 3c302?
-3c303
In base 15, what is a54 - 33c?
717
In base 7, what is -50521 + -106?
-50630
In base 10, what is 9853 - -333?
10186
In base 3, what is -220101010 + -102?
-220101112
In base 16, what is -1 + 1831?
1830
In base 15, what is 0 + -11d54?
-11d54
In base 7, what is 2214401 + -6?
2214362
In base 11, what is -930 - 58?
-988
In base 5, what is -1 - 130442?
-130443
In base 12, what is -13b8915 - -2?
-13b8913
In base 16, what is -28f5c + -3?
-28f5f
In base 12, what is 53 + 262?
2b5
In base 6, what is -23 - -131323?
131300
In base 10, what is -5 + -10597?
-10602
In base 10, what is 2085 + 23?
2108
In base 5, what is -13413334 + -4?
-13413343
In base 14, what is -546 - 9b?
-603
In base 12, what is -71b + -24?
-743
In base 2, what is -11 - -1001111011100?
1001111011001
In base 12, what is 2436 + -26?
2410
In base 13, what is 5 + 5494?
5499
In base 16, what is 343e - 3?
343b
In base 12, what is 1004a6 + -2?
1004a4
In base 8, what is -1 - -151511?
151510
In base 2, what is 1010101100 + 1110110011?
11001011111
In base 16, what is 3eb94 - 9?
3eb8b
In base 10, what is -141 + -374?
-515
In base 2, what is 10111100011111 + 0?
10111100011111
In base 11, what is 1 - 267606?
-267605
In base 5, what is -1210 - -12?
-1143
In base 13, what is -9603 - 3?
-9606
In base 7, what is 11 + 162146?
162160
In base 3, what is 2212 + 10001011?
10011000
In base 3, what is -10110020 - -100202?
-10002111
In base 16, what is -2ea2 + -7b?
-2f1d
In base 16, what is -6d - -1f29?
1ebc
In base 3, what is -1000 - 10222?
-11222
In base 4, what is 11 - -2001?
2012
In base 11, what is 18 + 70050?
70068
In base 3, what is -100210 + 21120?
-2020
In base 8, what is 510 + -2557?
-2047
In base 13, what is -8 + -c081?
-c089
In base 11, what is 10 + -7162?
-7152
In base 12, what is -7 - 12b81?
-12b88
In base 9, what is -173 + -5221?
-5404
In base 16, what is 3 - -1e8f?
1e92
In base 14, what is 3 + -76d3?
-76d0
In base 8, what is -5 + 45465?
45460
In base 3, what is 11 - 122102210?
-122102122
In base 3, what is -1102100 + 100111?
-1001212
In base 9, what is -48404 + 3?
-48401
In base 7, what is 26236 + 104?
26343
In base 10, what is -5 + -53762?
-53767
In base 14, what is 3 - 397072?
-39706d
In base 8, what is -636520 + -7?
-636527
In base 11, what is 2314 - 1?
2313
In base 3, what is 11110111111020 - 2?
11110111111011
In base 12, what is 4a0b91 + -5?
4a0b88
In base 3, what is 101201022 - 220?
101200102
In base 13, what is 2 - b6167?
-b6165
In base 14, what is 33b + -1338?
-ddb
In base 3, what is 21 - -111220210?
111221001
In base 6, what is 13 - 234?
-221
In base 9, what is -8844 - -1?
-8843
In base 12, what is 7 + -5843b?
-58434
In base 8, what is -301537 - -3?
-301534
In base 3, what is -1002 + 211220?
210211
In base 9, what is -424567 + -4?
-424572
In base 3, what is -12110111 - 111?
-12110222
In base 16, what is 16318 - 3?
16315
In base 3, what is 12 + -122020110?
-122020021
In base 5, what is -3211022 - -4?
-3211013
In base 7, what is 116446 - -40?
116516
In base 8, what is 15 + -3542?
-3525
In base 14, what is -514 - -3?
-511
In base 6, what is -13 - -22140?
22123
In base 14, what is 92 - -13?
a5
In base 2, what is -10 + -10111100010101100001?
-10111100010101100011
In base 12, what is b48 + -121?
a27
In base 10, what is -49847 - -29?
-49818
In base 8, what is 53 + -540?
-465
In base 15, what is 6 + -3ad?
-3a7
In base 3, what is 10011220212102 - 12?
10011220212020
In base 8, what is 4 + 2441221?
2441225
In base 12, what is 1116 + -74?
1062
In base 15, what is -17 + -1053?
-106a
In base 6, what is 1 - -3555305?
3555310
In base 12, what is -4601 + -13?
-4614
In base 10, what is 18 + 2784?
2802
In base 15, what is 5c07 + 2?
5c09
In base 16, what is 48f + -11?
47e
In base 9, what is 242 - 178?
53
In base 4, what is -3033 - 1132113?
-1201212
In base 10, what is -4725 + -12?
-4737
In base 11, what is -54 - -2235?
2191
In base 8, what is 6477 + 32?
6531
In base 16, what is 1 + -38c5?
-38c4
In base 3, what is -1200001111 - -10?
-1200001101
In base 15, what is 2 - 107c?
-107a
In base 11, what is 4 + 2200a2?
2200a6
In base 11, what is 4aa6 + 179?
5174
In base 4, what is 1310 - 121?
1123
In base 14, what is 8 + 13629?
13633
In base 14, what is 1b473 + 1?
1b474
In base 15, what is c0 - 3e?
81
In base 10, what is 26 + -795?
-769
In base 11, what is 9896 - 5?
9891
In base 13, what is -b6b + -46?
-bb4
In base 3, what is 112012201020100 + 12?
112012201020112
In base 9, what is 333164 - 4?
333160
In base 6, what is 1145404 - 5?
1145355
In base 6, what is 11 + 220250?
220301
In base 12, what is -2 + 60964?
60962
In base 5, what is -11 + 13031100?
13031034
In base 9, what is -123 + -65?
-188
In base 16, what is 5 - 2917?
-2912
In base 11, what is 5 + 6789?
6793
In base 11, what is -100 + 715?
615
In base 13, what is -a4 - -393?
2bc
In base 7, what is 1633160 + -4?
1633153
In base 15, what is -3 - 361d?
-3621
In base 6, what is 32032 + -45?
31543
In base 2, what is -1000000000011101 + -100?
-1000000000100001
In base 14, what is -4 + 47b0?
47aa
In base 12, what is 2 + -197a0?
-1979a
In base 4, what is -2222 + 2113?
-103
In base 5, what is 322 - 102?
220
In base 6, what is 22 + 52053?
52115
In base 11, what is 12a7 - -21?
1318
In base 14, what is bc + 1b0?
28c
In base 7, what is 2153 - -4161?
6344
In base 2, what is 11001100110 - -10001?
11001110111
In base 16, what is -3 + -58?
-5b
In base 14, what is -c3c7 + 5?
-c3c2
In base 5, what is 103124 + -123?
103001
In base 8, what is -45 + 25627?
25562
In base 7, what is -566 - 5646?
-6545
In base 9, what is 11538 + -2?
11536
In base 9, what is -6324 - 7?
-6332
In base 10, what is -3032 + 12?
-3020
In base 2, what is 1011 + 100001110110000?
100001110111011
In base 4, what is -3221 + 2001?
-1220
In base 12, what is 52177 - -5?
52180
In base 11, what is -4 - 36aa4?
-36aa8
In base 2, what is 1001010 - -1000001101?
1001010111
In base 2, what is -10101001 + 11110011?
1001010
In base 7, what is 2004634 - -1?
2004635
In base 11, what is 6 + -35044?
-35039
In base 14, what is 105 - -40?
145
In base 9, wh